st common factor of 136 and p.
17
Suppose 5*o + 315 = 5*l, 4*o + 0*o = 3*l - 189. What is the greatest common factor of l and 42?
21
Suppose -y + 3*s = 10, -5*y - 76 = -5*s + 3*s. Let i = y - -41. What is the highest common divisor of 10 and i?
5
Let c be ((-2)/(-3))/((-1)/(-51)). What is the highest common divisor of c and 85?
17
Suppose 0 = 3*r - 8*r + 25. Suppose 5*z - r*x = 230, 4*x + 3 = -1. Let i = z + -21. What is the highest common factor of 3 and i?
3
Let q(u) = -2*u**3 - u**2 - u - 2. Let f be q(-2). Let i be (8 - 5)*(-4)/(-6). Suppose -2*n = i*n - 144. Calculate the greatest common divisor of n and f.
12
Let h(l) = -34*l + 8. Let z be h(-4). Calculate the highest common factor of 18 and z.
18
Let n = -3 + -1. Let r(a) = a**3 + 7*a**2 + 7*a + 4. Let w be r(n). Calculate the highest common divisor of 16 and w.
8
Suppose -5*n + 2 = -3*n. Let q be (-360)/(-50) + n/(-5). Calculate the highest common divisor of 7 and q.
7
Let i = -36 - -46. Calculate the greatest common divisor of i and 45.
5
Let r = -23 + 58. Let g(f) = f - 2. Let p be (-28)/(-6)*(-3)/(-2). Let j be g(p). What is the highest common factor of j and r?
5
Suppose 3*u + 2*u - 80 = -5*j, 3*u = -4*j + 47. Let h be 42/35*170/4. What is the highest common factor of u and h?
17
Let u(t) = t**3 - 11*t**2 + 14*t + 10. Let l be u(10). Let j(g) = -3*g - 5. Let i be j(-5). What is the greatest common factor of i and l?
10
Let x(f) = -f**3 - 5*f**2 + 6*f + 5. Let v be x(-6). What is the highest common factor of v and 20?
5
Let b = -144 - -209. Suppose 47 = 4*h - 5*d, -6*h + 37 = -3*h - 2*d. Calculate the greatest common factor of b and h.
13
Let l be 19 - 5*28/20. Let i = 10 + 38. Calculate the highest common divisor of l and i.
12
Suppose 8 = -0*k - k. Let j(h) = -h**3 - 7*h**2 + 7*h - 3. Let l be j(k). Suppose 4 = -u, 4 - 3 = g + u. Calculate the highest common divisor of l and g.
5
Let m(b) = -b**2 - 19*b - 31. Let t be m(-17). What is the highest common divisor of 9 and t?
3
Let c(i) = 14*i - 17. Let s be c(8). What is the highest common divisor of 19 and s?
19
Let p = 6 + -4. Let t = 5 - p. Suppose -58 = -3*u - 0*h + 2*h, -63 = -t*u + 3*h. What is the greatest common factor of 16 and u?
16
Let x(s) = 31*s**2 - 2*s + 1. Let q be x(1). Let d = -1316 + 784. Let k be 2/3 + d/(-12). Calculate the highest common factor of k and q.
15
Let d be -3 - (-3)/(-6)*-6. Suppose d = -h + 5 + 10. Let o = -7 + 13. Calculate the highest common divisor of h and o.
3
Let n be -15*(-3 + (-28)/12). Calculate the highest common divisor of n and 16.
16
Let n = -113 + 187. Let b be (-2)/5 + n/10. Suppose 0 = 3*s + 8 + b, -350 = -5*k + 4*s. Calculate the highest common divisor of k and 6.
6
Let d = -4 + 4. Suppose d = z + 4*z - 10. Suppose 4*p - 50 = 5*h, -4*h = z*p - h - 36. What is the highest common factor of 30 and p?
15
Let k = 30 + -15. Suppose -5*p + 667 = -4*c, -4*p - 2*c - 197 = -741. What is the greatest common divisor of p and k?
15
Let l be -42 + -4 + -1*2. Let y be (-2)/4*(l - 0). Let u be 5 - 172/36 - 50/(-18). Calculate the highest common factor of u and y.
3
Let o = 88 + 16. Calculate the greatest common factor of 13 and o.
13
Let h be 6/(-1)*2 + 1. Let r = 16 + h. What is the greatest common factor of 10 and r?
5
Let n = 3 + 81. What is the greatest common factor of n and 12?
12
Let t be (-5 + -28)/(-1 - 0). Calculate the highest common factor of t and 11.
11
Let l = -38 - -46. Calculate the greatest common divisor of l and 56.
8
Let a = -7 - -12. Calculate the highest common divisor of a and 5.
5
Let r be (-1)/1*48/(-2). Suppose x - 2*x = o - r, -5*o = 2*x - 129. What is the greatest common divisor of o and 3?
3
Let z = 31 - 25. Suppose 5*k = -0*k + 150. Let q = k + -6. What is the greatest common divisor of z and q?
6
Let c = -39 + 63. Let k(i) = 3 + 3*i**3 - 3*i**2 - 2*i**3 - 3*i - 2*i**3. Let r be k(-3). Calculate the highest common factor of r and c.
12
Let a(l) = -11 + 8*l + 14*l + 8. Let v be a(6). Suppose -15 - v = -3*s. What is the greatest common divisor of 16 and s?
16
Let p = 164 - 116. Calculate the highest common factor of 12 and p.
12
Suppose 22 = k + 22. Suppose -5*m + 146 = -154. Suppose -2*n + k*n + m = 0. Calculate the highest common factor of 20 and n.
10
Let a be -1 - 53*(1 - 6). Calculate the highest common factor of a and 24.
24
Let a be (1 - -8)/(6/32). Calculate the greatest common divisor of a and 24.
24
Let k(t) = 2*t**3 + t - 4. Let o be k(2). Calculate the highest common divisor of o and 182.
14
Suppose 0 = i - 2*x - 6, -4*x = -3*i - 0*x + 18. Calculate the highest common factor of i and 12.
6
Suppose -2*t + 46 = 2*r + 3*r, -5*t + r = -142. What is the highest common factor of 42 and t?
14
Suppose 0*p + 14 = 2*p. Calculate the highest common divisor of 49 and p.
7
Suppose -j + 1 = -1. Let b be 2/(j/(12 - -2)). What is the highest common divisor of b and 70?
14
Let c(r) = -r**2 - 8*r - 4. Let x = 5 + -5. Suppose 4*u + 0*u + 28 = x. Let g be c(u). What is the highest common factor of g and 9?
3
Let u(a) = a**2 + 132. Suppose 3*j = 2*j. Let r be u(j). Let l(x) = 2*x**3 - x**2 + x - 2. Let f be l(2). What is the greatest common factor of r and f?
12
Let s(c) = -35*c**3 + c. Let y be s(-1). What is the highest common divisor of 85 and y?
17
Let d(o) = 18*o - 16. Let w be d(4). Let s(y) = -y**2 - 5*y - 1. Let k be s(-5). Let g be k/((-9)/3)*21. Calculate the highest common factor of g and w.
7
Suppose 0*j - 3*t - 181 = -4*j, 5*t - 157 = -4*j. Calculate the greatest common divisor of j and 43.
43
Suppose c = 4*c - 72. Let t = -13 - -7. Let g = t + 9. What is the greatest common factor of g and c?
3
Let a be 780/(-25)*25/(-10). What is the highest common divisor of a and 52?
26
Suppose -9 - 9 = -c + 3*r, 5*c + 3*r = 54. Let z = c + 6. Calculate the greatest common divisor of z and 18.
18
Suppose -5*s + 15 = 5*x, 4*s = -4*x + s + 14. Suppose x*m - 23 = -3*f, 4*m - 16 + 0 = 0. Calculate the greatest common factor of 9 and f.
1
Suppose 117 = 2*t - 0*t - r, 2*r - 214 = -4*t. Let y be 1552/t - (-4)/14. What is the highest common factor of 42 and y?
14
Let f be 4/22 + 326/22. Calculate the greatest common divisor of f and 30.
15
Suppose -6*k = -72 - 132. What is the highest common divisor of k and 34?
34
Let j be 2/13 + (-4)/26. Let d be (-4)/6*942/(-4). Suppose j = 4*m - d + 29. What is the highest common divisor of m and 16?
16
Let n(r) = -r**3 - 5*r**2 - 6*r - 2. Let u be n(-4). Let m = -31 + 47. Suppose 0 = -4*g + 8 + m. Calculate the highest common factor of u and g.
6
Suppose 2*f + 71 = f. Let x be 10/(-8)*(3 + f). Calculate the greatest common factor of 34 and x.
17
Let l be (1 - 4)/(7/(-49)). Let r(p) = -6*p**3 + 1. Let b be r(-1). What is the highest common factor of l and b?
7
Let d = 45 - 9. What is the greatest common divisor of 24 and d?
12
Let h(q) = 3*q - 18. Let j be h(8). Calculate the highest common divisor of j and 12.
6
Suppose 39 = 2*p - 11. Let a be (4/(-3))/((-6)/45). Calculate the highest common factor of a and p.
5
Let c(z) = -z**2 - 11*z - 5. Let d be c(-9). Let u = d + -12. Calculate the greatest common divisor of u and 7.
1
Suppose 0 = 8*r - 3*r - 40. Let s be 1 - -1 - 7 - 0. Let y(k) = -k**3 - 3*k**2 + 5*k + 7. Let m be y(s). Calculate the greatest common divisor of m and r.
8
Let b = 0 + 9. Let t = -3 + -1. Let s(q) = -q**2 - 5*q - 1. Let w be s(t). What is the greatest common divisor of b and w?
3
Let h be (-2)/3 + 256/6. Suppose 70 = -z + 6*z. What is the greatest common factor of z and h?
14
Suppose 5*f - 171 - 183 = -4*m, m - f - 93 = 0. Let p = -8 + 11. Suppose 0 = p*q - 20 - 19. What is the highest common divisor of m and q?
13
Let a(d) = -12*d + 3. Let y be a(-2). Let n = 431 + -242. What is the highest common factor of y and n?
27
Let q = 153 - 107. Calculate the greatest common divisor of 69 and q.
23
Let o be 472/6 - 46/69. Calculate the greatest common factor of o and 26.
26
Let d(w) = w + 3. Let q be d(7). Suppose -3*l - l + 24 = 0. Let g(p) = -p**3 + 8*p**2 - 4*p + 2. Let a be g(l). Calculate the highest common factor of a and q.
10
Let y(c) = -14*c + 12. Let i(s) = 1. Let g(w) = -8*i(w) + y(w). Let p be g(-2). Calculate the greatest common factor of p and 16.
16
Let f = -27 + 43. Let q be ((-11)/3 - -1)*-6. Suppose 0 = -4*z + 2